(7 + 1 + -9)?
-3
Calculate -11 + 7 + (-2 + 2 - 1).
-5
-1 - (-1 - 2 - -5)
-3
Calculate 2 + (-7 - (-5 - -1)) + -2.
-3
What is -6 + 5 + -1 - -2 - -3?
3
Evaluate 1 + (-3 - -3) + 4.
5
What is -45 + 45 + (1 - 5)?
-4
9 + -15 - (-4 + 1)
-3
What is -3 + 5 + -11 + (4 - -1)?
-4
3 - 3 - 5 - (-20 - -19)
-4
What is -4 - ((-2 - -5) + -2)?
-5
What is the value of (3 - (3 + 1 + 1)) + 1?
-1
What is -5 + 5 - (2 + -3)?
1
Calculate -8 + 5 - (-11 - -6).
2
-9 - ((-6 - -4) + -2)
-5
-3 + (-8 - -11) - -5
5
What is the value of -4 + 10 - (5 - 4)?
5
What is the value of 58 + -64 + (-1 - -3)?
-4
What is 3 + -1 + -2 + 4?
4
What is the value of -2 - 0 - (58 - 64)?
4
What is (-7 - -6) + -2 + 1?
-2
What is the value of (0 - 0 - 3) + (13 - 15)?
-5
What is -6 + -4 - (15 - 21)?
-4
Calculate 0 + (8 + -3 - 6).
-1
What is -11 + 11 + (-1 - 6) + 8?
1
Calculate -5 - (-2 + -3 + 0 + 3).
-3
What is the value of 21 - -1 - (-165 + 178)?
9
Evaluate -4 + -1 + 11 + -1 + 0.
5
Calculate -6 + -8 + 3 - -10.
-1
Calculate 3 - 5 - -10 - 2.
6
Calculate -26 + 25 + (0 - -1) + 0.
0
What is 10 + (-2 - -5) + -8?
5
What is -2 + (-5 - 7) + (5 - 0)?
-9
Calculate 2 + 6 + -8 + -6.
-6
What is -6 + (16 - (7 + -1))?
4
0 - (0 + (-5 - -10))
-5
Evaluate -1 - (-2 - (9 + -7)).
3
What is the value of 11 + (4 - (10 - 2))?
7
Evaluate -2 - (-3 + (11 - 5) - 5).
0
6 + (-6 - -7) - 5
2
What is -15 - (5 - 15) - (-1 - -5)?
-9
What is the value of (-3 - -17) + (-14 - -7)?
7
4 + -9 + 3 + 3
1
Evaluate (1 - (0 + 2)) + 2.
1
6 - (-2 + (3 - (4 - 4)))
5
What is the value of 2 + (9 - 3) - 1?
7
What is the value of 8 + -16 + 1 + 15?
8
What is the value of -5 - -1 - -1 - -1?
-2
Evaluate 3 + 1 + (-1 - 5).
-2
Calculate 6 - (4 - -3) - (1 - 3).
1
What is the value of 39 + -30 + -6 + -1?
2
What is -4 + -6 + 11 - 1?
0
What is -23 - -8 - -10 - -2?
-3
What is the value of 8 + -18 + 4 + 2?
-4
What is the value of (7 - 6) + 5 + (0 - 5)?
1
What is -4 + -4 + 9 + -3?
-2
Evaluate -4 + (2 - -2 - (8 + -6)).
-2
What is -4 - (-8 + 11 - 5)?
-2
What is the value of -5 + 9 + -6 + 7?
5
What is the value of 1 - ((4 - 6) + 2 - -4)?
-3
(22 - 32) + 5 + 1
-4
What is 6 - (-4 + 11 + 3 + -7)?
3
Calculate (-2 - (-5 + 7)) + 6.
2
What is -6 + 2 - (4 + 2)?
-10
What is (12 - 7) + 1 + -12?
-6
What is the value of 5 + 0 - (4 + 1 + -9)?
9
Calculate (5 - (2 + 0)) + 4 + -5.
2
What is the value of (-23 - -20) + 1 + 1?
-1
Calculate 17 - (8 + 8 + -5).
6
What is (1 - -6) + 3 - 8 - 9?
-7
Calculate 4 + (-2 - (2 - (1 + 2))).
3
Evaluate 2 - 4 - -1 - (6 - 7).
0
3 + -8 + 6 + 0 + 1
2
-4 + 6 + -1 - 1
0
Evaluate -10 - ((-10 - -6) + -5).
-1
-7 + (2 - 3) + 3
-5
Evaluate 12 + -8 + 6 + -1 - 6.
3
Evaluate 1 + (10 - (25 + -8)).
-6
What is the value of 0 - -5 - (1 + 4)?
0
What is 36 + -48 + 6 + -1 + 12?
5
What is -4 - (8 - (6 + 2))?
-4
What is the value of 14 - (1 - -12) - (-2 - 1)?
4
Evaluate -2 - 1 - (-9 + 5).
1
What is -6 + -3 + (0 - -2) + 2?
-5
What is the value of 7 + 0 + 0 + -4?
3
What is -2 - -1 - -7 - 15 - -17?
8
(1 - (0 - 3)) + -1
3
2 + (-3 - 1 - -8)
6
12 - (-13 + 4 + 13)
8
Calculate (4 - (-5 - -4) - 2) + -1.
2
Evaluate -2 + (-6 + 4 - (2 + -12)).
6
Evaluate (-1 - (-2 - -4)) + 3 + 5.
5
What is the value of -1 + 2 + (1 - -2)?
4
What is (1 - 1 - 0) + -3 - -3?
0
What is the value of -38 - -31 - (1 - 8)?
0
What is the value of -15 - (-10 - -2) - -6?
-1
What is 1 - (-4 - (-1 + 1) - -3)?
2
What is (2 - 2) + 1 + -8 + 6?
-1
What is the value of -2 + -2 + -4 + 11?
3
Evaluate 0 + -2 + (-3 - (-3 + -1)).
-1
-25 + 28 + -1 + 0
2
Evaluate 3 + (1 - -1) - (25 + -13).
-7
What is -12 - (7 - (6 - -7))?
-6
-4 - (1 - (-3 - -6) - 11)
9
What is the value of 1 - (6 - 1) - -3?
-1
What is 6 + 0 - 1 - 3?
2
What is the value of (-1 - (5 - (5 + 1))) + 3?
3
Evaluate -7 - (-14 + 5 + -2).
4
-1 + 18 + -3 - 8
6
What is (-2 - ((-3 - -1) + 8)) + 5?
-3
Evaluate -5 - (0 - 0) - -8.
3
What is -9 - (-3 + -2) - -6?
2
What is the value of (0 - 2 - (-2 - 1)) + 4?
5
(3 - 0) + (-3 - -2) + -2
0
(8 - (-13 + 6)) + -9
6
Evaluate (12 + -7 - -6) + -3.
8
What is 4 + (-4 - 1) + (0 - -1)?
0
Calculate (-8 - -6) + (15 - (0 - -4)).
9
(4 - 7) + (-1 - 4) + 12
4
Calculate (97 - 101) + 2 + 0 + 0.
-2
Evaluate 2 + (-2 - (2 + (0 - 5))).
3
What is the value of 5 + 0 + 0 + 26 + -36?
-5
What is (-4 - -6) + (3 - 1)?
4
Calculate 4 + 8 + -5 + -6 + 2.
3
1 - -1 - (-6 - (-6 + -3))
-1
What is the value of (-15 - -22) + 3 + -6?
4
Evaluate (6 + -16 - (-2 + 1)) + 5.
-4
Calculate 49 - 48 - (7 + 2 + -3).
-5
Calculate -2 + (-3 + 4 - 1).
-2
Calculate 0 + -1 - (1 + -5).
3
What is 7 - (-7 + 8 + 2 + 2)?
2
What is -1 - -5 - 3 - -1?
2
Evaluate -7 - (0 + (4 - 7)).
-4
Evaluate 12 - (13 + -9) - 1.
7
Calculate (3 - 3 - -1) + 0.
1
What is (-188 - -177) + (0 - -11)?
0
Evaluate (3 - (-1 - -9)) + 5.
0
Calculate 10 + -3 - (-24 - -26).
5
What is (-2 - -1) + (0 - -5) + -3?
1
-2 + (-1 - 4) + 4
-3
What is the value of (8 - -1) + -9 + 5 - -1?
6
What is 6 + 1 - (-6 - -8)?
5
Calculate -12 + -4 + 14 - (6 + 1).
-9
Calculate (-3 - (-3 - 1)) + -1 + 4.
4
Evaluate -5 + 19 + -20 + (8 - 1).
1
Calculate -3 - (0 + -4 + (7 - 4)).
-2
Evaluate (-2 - (4 + -4 + 3)) + 2.
-3
-13 - (0 - 8) - (-5 + 1)
-1
-1 - (-2 + 2) - (87 - 83)
-5
Evaluate -3 + (8 - 0) + -3.
2
Evaluate (5 - (4 - -4)) + 4.
1
Calculate 21 + -10 - 5 - 0.
6
Calculate -7 + -1 + 5 + 2 + 3.
2
-3 + 12 - -4 - (3 + 3)
7
Calculate -8 + -3 + (4 - -20) + -8.
5
-3 - (1 + -3) - (11 + -15)
3
What is the value of 1 + -4 - (-6 + -6 + 7)?
2
(4 - 1) + (-11 - -4) - -2
-2
Calculate (1 - 8) + -1 + 5.
-3
Calculate -5 - ((9 - 6) + -5).
-3
(8 - (3 + 4 + -3)) + -2
2
What is 11 + (-6 - (5 - 8))?
8
Calculate -10 - ((-23 - -4) + 9).
0
Calculate (-3 - 7) + 12 + -3.
-1
What is 0 + -7 + 1 + -1 + 8?
1
Evaluate (-8 - -1) + 20 + -18.
-5
0 - 1 - (2 + 9 + -9)
-3
Calculate (-2 - 1) + -2 - 0.
-5
Evaluate -1 - 0 - 1 - (11 + -11).
-2
10 - (7 + (-2 - -8))
-3
What is -4 + -3 + 8 + -3?
-2
What is 11 - (0 + -3 + 8)?
6
What is 9 - (9 + -2 - 2)?
4
What is (-2 - -1) + -8 + 7?
-2
Calculate 2 - (3 + -1 + 1 + -5).
4
(-12 - (-6 - 0)) + 7
1
What is (0 - (-3 - -1)) + 1?
3
4 - -6 - 2 - 9
-1
(9 + -3 - -1) + -2
5
Calculate 2 + -3 + -6 + 10.
3
What is the value of -1 + (-1 - -4 - 4)?
-2
What is the value of -2 + 5 + (-3 - 2)?
-2
What is the value of -5 - -7 - (-1 - -3)?
0
What is 9 - 7 - (1 + 1)?
0
Evaluate (-7 - -4) + -2 + -4 + 4.
-5
Calculate 2 - (5 + 1 + -2).
-2
Evaluate -4 + (12 - (-8 - -12)).
4
Evaluate 9 + (-7 + 11 - 12).
1
(-2 - -5) + -1 - -3
5
1 + (-8 - (-4 - -2))
-5
13 - (5 - (2 + -8 + 4))
6
What is -5 - (-2 + (-4 - (0 - -2)))?
3
What is 11 - (14 + (-8 - 1))?
6
0 + -3 + -12 - -7
-8
Calculate 3 + (-1 - 6 - -9) + -6.
-1
What is 4 - ((2 - 0) + -5 - -2)?
5
What is the value of -4 - (-3 + 0 - 4)?
3
Calculate -2 - (10 - (-4 - -13)).
-3
What is the value of -208 + 209 + (1 - -7) + -1?
8
8 - 8 - (0 - 2)
2
Calculate (-3 - -2) + 3 + -2.
0
Calculate 4 + 1 - ((3 - 5) + 6).
1
(7 + -3 - 7) + 8 - 12
-7
Calculate 1 - (5 - 3) - (14 - 7).
-8
6 - ((4 - 1) + -1)
4
What is (6 - 11) + 0 + 2 + 0?
-3
11 + -7 - (1 + (0 - 0))
3
Evaluate -3 - (-4 + -5) - 4.
2
(-5 - -11 - 0) + -9
-3
What is (-27 - -24) + (3 - (-2 + 3))?
-1
Evaluate -3 - (-4 - -3) - (-1 - 3).
2
What is the value of 154 - 160 - (-1 + 2)?
-7
Calculate 0 + 1 - (10 + -7 + -2).
0
What is the value of 6 + -2 + -2 + -5 + 0?
-3
What is the value of -7 + 0 + -40 + 43?
-4
(9 - 15) + 6 + 0
0
What is the value of 0 + 2 - (-2 - (-15 - -8))?
-3
Calculate -1 + 3 + -1 + 3 + -6.
-2
What is 6 + -17 - (-12 - -3)?
-2
0 - (3 + -3) - (0 + 6)
-6
What is the value of (3 + -4 + 0 - -5) + -5?
-1
What is -4 + (-11 + 1 - -4) + 5?
-5
What is (-1 - (-1 + 4)) + -195 + 199?
0
Calculate 8 + -10 + 1 + 1.
0
Evaluate -1 + (-4 + 2 - -3).
0
Evaluate (1 - (-1 + 1)) + -87 + 89.
3
1 + (7 + -2 - 2)
4
Calculate 3 - 1 - (5 + -1).
-2
What is -2 + -1 + -1 + 5?
1
0 + 0 + (-2 - -3) + -2
-1
-3 + 3 - (-8 + 3)
5
What is the value of -1 - (3 + -8 + 9)?
-5
Calculate 4 + -3 + 3 + -4.
0
1 + (0 - (3 - (2 + 3)))
3
Calculate -14 - ((-16 - -9) + -3).
-4
What is 0 + 2 + -5 - 1 - -3?
-1
Evaluate 1 - (2 - 0) - -4 - -3.
6
Evaluate 7 + -9 + 5 + (2 - 3).
2
What is the value of 3 + (1 - -4) - 8?
0
What is 4 + -8 - -2 - (3 - 0)?
-5
-8 + 6 + 0 + -1 + 2
-1
What is -5 + 2 + (-3 - -1)?
-5
Calculate 5 - (8 - -8 - 9).
-2
3 + -4 - (10 - 8)
-3
Calculate 1 + 4 + 4 + -8.
1
Calculate 0 - 0 - (-6 + 3).
3
What is 7 + (-7 + 1 